**3 + 5*x**2 + 2*x + 4. Suppose 5*s + 397 - 372 = 0. Determine u(s).
-6
Suppose 5*d - 21 = -2*d. Let t(s) = -3 - 5*s + 2 + s**2 - d. Calculate t(4).
-8
Let o = -17 + 23. Let v(r) = 0*r + r**2 - o*r**2 + 5 - r**3 + r + 2*r. Give v(-5).
-10
Suppose -72*l + 76*l = -w + 6, -2*w - l - 2 = 0. Let d(z) = 3*z**3 - 2*z - 3*z**2 - 4*z**3 + 2 - 2*z**2. Give d(w).
-6
Let w(j) = 4*j**3 - 4*j**2 + 5*j + 7. Let q(h) = h**3 - h**2 + h. Let n(l) = -5*q(l) + w(l). Let g = -3558 - -3558. Calculate n(g).
7
Let t(w) = -w**3 + w**2 + 5*w - 4*w + 3*w - w + 2. Let b = -1 + 4. What is t(b)?
-7
Suppose -x = -3*x + 5*r + 11, -5*r = 5. Suppose l - x + 4 = 0. Let i be 6/(-18) + l/(-3). Let v(t) = t**3 - t**2 - 12. Calculate v(i).
-12
Let f(q) = q**2 - 9 - 3 - 7 - 3*q + 8. Determine f(5).
-1
Let t(p) be the first derivative of p**6/360 + p**5/120 - p**4/6 + 8*p**3 + 2. Let y(s) be the third derivative of t(s). Give y(-4).
8
Let s(h) = -8*h - 5. Let c(a) = -a**3 - 16*a**2 + 13*a - 73. Let i be c(-17). Give s(i).
35
Let h(n) = 3. Let m(k) = -3*k - 14. Let u(d) = -5*h(d) - m(d). What is u(1)?
2
Let t(k) = k**3 - 9*k**2 - 3. Suppose u + 16 = -5*j, -3 = u + 2*j - 2. Determine t(u).
-3
Let y(m) = -5*m - 5*m**2 + 3*m**2 + 4*m**2 + 0*m**2 - 3 + m**2. Calculate y(5).
47
Let s(f) be the second derivative of f**8/3360 - f**6/720 - f**5/120 - 11*f**4/6 - 12*f. Let p(l) be the third derivative of s(l). What is p(-1)?
-2
Let d(m) = m**2 + 5*m - 8. Let h(j) = -j**3 + 16*j**2 - j + 21. Let u be h(16). Suppose -z = 3 + u. What is d(z)?
16
Suppose 4*q = 3*o + 4, 0 = 5*o - 118*q + 117*q + 1. Let n(v) = v**2 + v + 26. What is n(o)?
26
Let l(f) = f**3 + 7*f**2 + 2*f + 4. Suppose 6 = 251*x - 253*x. Calculate l(x).
34
Let u(x) = 4*x**3 - 2*x**2 - 2*x + 1. Suppose -14 = -2*m - 10. Give u(m).
21
Suppose -6*r - 182 = -218. Let m(g) = -g + 15. Calculate m(r).
9
Let d(r) = -5 - 28*r + 12*r + 6*r + 7*r + 5*r. Calculate d(14).
23
Let f(k) be the third derivative of k**6/120 - k**5/20 - k**4/4 + 17*k**3/6 - 19*k**2 + 6*k. What is f(4)?
9
Let r(a) = -2*a**2 + 9*a - 6. Let d(v) = v**2 - 4*v + 3. Let m(q) = -5*d(q) - 2*r(q). Let u(x) = x**3 - 15*x**2 - 16*x + 3. Let g be u(16). What is m(g)?
-6
Let h(p) be the first derivative of p**2/2 - 8*p - 2053. Suppose -3*b = b + 3*l - 30, 0 = 4*b + 2*l - 28. What is h(b)?
-2
Let s(r) = -3*r**3 - 5*r**2 - 3*r - 6. Let k(t) = 2*t**3 + 3*t**2 + 2*t + 2. Let d(a) = 5*k(a) + 3*s(a). Suppose 2*f + 4 = -6*j + 2*j, -4 = 2*f. Give d(j).
-8
Let w = 984 - 976. Let j(i) = i**2 - 8*i - 2. Determine j(w).
-2
Let t(k) be the first derivative of -k**2/2 + 4*k - 2. Suppose -27 = -j - 5*y, y = 6*j - 2*j - 3. Suppose j*x = 5*x - 15. Calculate t(x).
-1
Let i(s) be the third derivative of -s**6/120 - s**5/15 + s**4/24 - s**3/6 - 351*s**2. Determine i(-5).
19
Let w(n) = 4*n + 21. Suppose 0 = 37*m - 4*m + 198. Give w(m).
-3
Let q(g) = -3*g + 3*g**2 + g**3 + 4 + 7*g - 5. Suppose 31*d + 12 = 27*d. Calculate q(d).
-13
Let w(k) = -4*k - 14. Let d be w(-9). Let o(s) = -27*s - s**2 + 3 + 42*s - d*s. Let m(j) = -3*j - 2. Let n be m(2). Calculate o(n).
-5
Let i(d) = 4*d. Let f(v) = 3*v. Let z(m) = -2*f(m) + i(m). What is z(7)?
-14
Suppose -2*s + 11 = 3. Let m(q) be the first derivative of -q**3/3 + 3*q**2/2 - 20. Give m(s).
-4
Suppose 2*v = x - 3, -3*x + 29 = 4*v + 2*x. Let w(k) = -2*k - 1. Determine w(v).
-3
Suppose 5*g + a - 27 = 0, 4*g - a - 2*a - 14 = 0. Suppose 3*w + w - s = 7, 5*s - 25 = 0. Let l(k) = 2*k - 3 - 6*k**2 + k**3 - 3*k + 4*k + w*k. Determine l(g).
2
Let u(k) = -4*k + 56. Let h be u(14). Let y(r) be the third derivative of r**6/120 + r**5/60 + 5*r**3/6 + 2*r**2. Determine y(h).
5
Let b(k) = -126*k + 126*k + 3*k**2 - 2 + k**3. Determine b(-4).
-18
Let u(m) be the second derivative of -1/720*m**6 + 7/12*m**4 + 0 - 4*m + 0*m**3 + 0*m**2 - 1/60*m**5. Let t(z) be the third derivative of u(z). Calculate t(0).
-2
Let s(l) = 4*l. Suppose -2*d = 3*d. Suppose 2*u - w + 6 = d, -w - 12 = 4*u - 0*w. Let a be (u - 28/(-8))*-6. What is s(a)?
-12
Let q(d) be the second derivative of -d**5/20 - 7*d**4/12 - 2*d**3/3 + 5*d**2/2 + 347*d. What is q(-6)?
-7
Let c(b) = -7*b**3 + 16*b**2 + 16*b + 62. Let l(q) = -20*q**3 + 49*q**2 + 45*q + 184. Let s(f) = 17*c(f) - 6*l(f). Calculate s(22).
-6
Suppose 5*g - 13 = 2. Suppose g*c - 3 = -4*n + 8, 1 = 2*n - 3*c. Let h(d) = -d**3 + 2*d**3 - 2*d**2 + d**2 + d. Determine h(n).
6
Let g(q) = 4*q. Let s(j) = -j**3 + 2*j**2 + 4*j - 7. Let a be s(3). Give g(a).
-16
Let h(l) = l**3 + 2*l**2 - 6*l - 5. Let u = 2978 - 2978. What is h(u)?
-5
Let y(k) = -k**2 - 2*k + 1. Let r be y(-4). Let h = 39 + -36. Let d(z) = -5 + 7*z - 13*z - z**h - 8*z**2 + 6. Calculate d(r).
-6
Suppose 0 = 3*w + x - 6 - 7, 4*w + x = 17. Let d(j) = 4 + w - 9 + j**2 - 2*j**3. What is d(1)?
-2
Let r(y) = 4*y**2 - 2*y**2 + 4 - 3*y**2. Let c(i) = -16*i**2 - 1777*i - 108. Let m be c(-111). Calculate r(m).
-5
Let t(o) be the first derivative of -o**6/360 - o**5/24 + o**4/3 + 4*o**3 + 8. Let x(u) be the third derivative of t(u). What is x(-6)?
2
Let o(c) = 13*c**2 - 5*c**3 - 5 + 6 - 14*c**2. Let p(b) = -2*b**2 + 18*b + 19. Let m be p(10). Determine o(m).
5
Let s = 34 + -31. Suppose 22 = 4*b - 2*r - s*r, -r - 2 = 0. Let z(i) = 3*i**2 - 2*i - 4. What is z(b)?
17
Let m be (9 - 4) + (-3)/1 + 15. Let o(k) = -4*k + 62. Calculate o(m).
-6
Let n(h) = h - 4. Let x be (-4)/6 + ((-1280)/24)/(-5). Suppose j - x = -2*f - f, -4*f + 2*j = -10. Calculate n(f).
-1
Let b(d) = -17*d + 1. Suppose 1752 - 1764 = 12*v. Give b(v).
18
Let n(u) = 4*u + 1. Let m be n(1). Let y(j) = 8*j - 13. Let o(r) = r - 1. Let c(p) = 5*o(p) - y(p). Let b(x) = x - 3. Let t(a) = 7*b(a) + 2*c(a). Give t(m).
0
Let h(p) = -24*p**3 + 4*p**2 - 7*p. Let q(v) = -8*v**3 + v**2 - 2*v. Let g(y) = -2*h(y) + 7*q(y). Suppose -4*i - 4 = -a, -4*i + 424*a - 428*a = 4. Give g(i).
7
Let u(l) = -4*l**2 - 2*l - 1. Let p(s) = 4*s - 1. Let y be p(1). Let q = -8 - y. Let j = 10 + q. What is u(j)?
-3
Let u(g) be the second derivative of 0 - 1/2*g**2 - 1/2*g**3 - 2*g. Give u(2).
-7
Let d(m) = -2*m - 6. Let i(o) = -o - 3. Let t(u) = 6*d(u) - 11*i(u). Let r be -3 + (-3)/((-6)/28). Suppose -6*n + 25 = -r*n. Give t(n).
2
Let p be ((-1)/(-4) - 1)*(-280)/1260. Let m(u) be the third derivative of -1/20*u**5 + 0*u**4 + 0*u + 0 + p*u**3 - 8*u**2. Give m(-2).
-11
Let z(j) = 37*j**3 - 2*j**2 + 2*j - 1. Let v be 6 + (-128)/20 + (-14)/(-10). Calculate z(v).
36
Let q(o) = -11*o - 3. Let h = -104 + 104. Let j be q(h). Let m(b) = 2*b**2 + 4*b + 3. Calculate m(j).
9
Let z(y) = y**3 + 4*y**2 - 5*y + 5. Let h be z(-5). Suppose 0 = -d - 3*v + 11, -h*v = -3*d - 23. Let x(q) = -5*q**2 - 2*q - 1. What is x(d)?
-4
Let m(o) be the second derivative of 0 - o**2 + 2*o - 1/6*o**3. Let s(l) = l**3 + 22*l**2 - 26*l - 71. Let h be s(-23). Give m(h).
0
Let w(d) = d + 2*d - 5*d - 6. Let y = -2047 - -2042. Determine w(y).
4
Let b(g) = 1 - 6*g + 2 - 2. Let o(z) = z**2 + 22*z - 202. Let c be o(-29). Calculate b(c).
-5
Let t(q) be the second derivative of 26*q - 1/20*q**5 + 7/12*q**4 + 5/2*q**2 - q**3 + 0. What is t(6)?
5
Let m be 342/30 - (7/5 - 1). Let c(n) = -n**2 + 10*n + 15. What is c(m)?
4
Let w(p) be the first derivative of -2*p**3/3 + p**2/2 + 15*p + 15. Let v(r) be the first derivative of w(r). Give v(-1).
5
Let z(j) = 3*j**2 + 11*j + 14. Let m(q) = -2*q**2 - 9*q - 12. Let u(b) = -4*m(b) - 3*z(b). Give u(5).
-4
Let j(c) be the first derivative of c**3/3 - 5*c**2/2 - 8*c - 89. Let n be (8 - -1)/(45/30). Determine j(n).
-2
Let z(n) = 8*n - 1. Let l(j) = j + 2. Let v be l(3). Let k be (-135)/(-18)*((-33)/15 + 3). Suppose 0 = v*s - c + 1, 3*c + 9 + k = -3*s. What is z(s)?
-9
Let o(y) = -3*y**3 - 7*y**2 - 3*y + 5. Let l(g) = -2*g**3 - 6*g**2 - 3*g + 4. Let n(h) = 5*l(h) - 4*o(h). Give n(3).
27
Let i(f) be the first derivative of f**4/4 + 5*f**3/3 + 3*f**2 + 6*f + 1045. Let n = 4 - 2. Suppose -3*y - 2*r = -4*r + n, 4*r + 32 = -3*y. What is i(y)?
-2
Let b be 3 - (-2 + -2 - -2). Let l(x) = -3*x**3 + 4*x**2 + 2*x**3 + 5*x + x + 2 - 2*x. What is l(b)?
-3
Let s(y) = -y**2 + y**2 + 4 + y**3 + y**2 - 3*y. Let n = -12 + 9. Determine s(n).
-5
Suppose -1 - 10 = 5*q - 3*h, -4*q - h = 2. Let z(p) = -p + 1. Calculate z(q).
2
Let n(p) = -p**3 + 0*p - 398*p**2 + 392*p**2 + p + 3. Determine n(-3).
-27
Let i be 15*1/3